{"id":1367,"date":"2021-06-21T22:31:29","date_gmt":"2021-06-21T22:31:29","guid":{"rendered":"http:\/\/estrellasycorazones.com\/?post_type=product&#038;p=1367"},"modified":"2023-01-15T23:16:38","modified_gmt":"2023-01-15T23:16:38","slug":"cricut-set-de-trabajo","status":"publish","type":"product","link":"https:\/\/estrellasycorazones.com\/index.php\/product\/cricut-set-de-trabajo\/","title":{"rendered":"Cricut Set de trabajo"},"content":{"rendered":"<p>Este juego de 7 piezas incluye todas las herramientas que necesitas para cortar, cortar, puntuar, malezar, pulir y recortar una amplia variedad de materiales.<br \/>\nPerfecto para vinilo, papel, proyectos de planchado y m\u00e1s.<br \/>\nEste 6. 5 x 10. El paquete de 25.0 in contiene una recortadora port\u00e1til, un l\u00e1piz de puntuaci\u00f3n, una esp\u00e1tula, un raspador, un par de tijeras y un par de pinzas.<\/p>\n","protected":false},"excerpt":{"rendered":"<p>Artesan\u00eda con estilo con nuestro juego de herramientas esenciales en un tono fresco. Este juego de 7 piezas viene con todas las herramientas que necesitas para una sesi\u00f3n de manualidades Cricut y complementa perfectamente tu m\u00e1quina con una mezcla cl\u00e1sica de rendimiento y estilo. Estar\u00e1s equipado para manejar de forma precisa y experta cualquier proyecto que impacte tu fantas\u00eda, desde vinilo para calcoman\u00edas, hasta proyectos de decoraci\u00f3n de plancha, hasta obras maestras de cartulina, y eso es solo el comienzo. Es un compa\u00f1ero esencial para todas las m\u00e1quinas de corte Cricut. El juego de 7 piezas incluye todas las herramientas que necesitas para cortar, cortar, puntuar, malezar, bru\u00f1ir y recortar una amplia variedad de materiales. Perfecto para vinilo, papel, proyectos de planchado y m\u00e1s excelente compa\u00f1ero para todas las m\u00e1quinas de corte Cricut.<\/p>\n","protected":false},"featured_media":1369,"comment_status":"open","ping_status":"closed","template":"","meta":[],"_links":{"self":[{"href":"https:\/\/estrellasycorazones.com\/index.php\/wp-json\/wp\/v2\/product\/1367"}],"collection":[{"href":"https:\/\/estrellasycorazones.com\/index.php\/wp-json\/wp\/v2\/product"}],"about":[{"href":"https:\/\/estrellasycorazones.com\/index.php\/wp-json\/wp\/v2\/types\/product"}],"replies":[{"embeddable":true,"href":"https:\/\/estrellasycorazones.com\/index.php\/wp-json\/wp\/v2\/comments?post=1367"}],"wp:featuredmedia":[{"embeddable":true,"href":"https:\/\/estrellasycorazones.com\/index.php\/wp-json\/wp\/v2\/media\/1369"}],"wp:attachment":[{"href":"https:\/\/estrellasycorazones.com\/index.php\/wp-json\/wp\/v2\/media?parent=1367"}],"curies":[{"name":"wp","href":"https:\/\/api.w.org\/{rel}","templated":true}]}}