{"id":1379,"date":"2021-08-31T21:25:46","date_gmt":"2021-08-31T21:25:46","guid":{"rendered":"http:\/\/estrellasycorazones.com\/?post_type=product&#038;p=1379"},"modified":"2023-01-03T17:47:14","modified_gmt":"2023-01-03T17:47:14","slug":"vinilo-de-transferencia-de-calor-cameo","status":"publish","type":"product","link":"https:\/\/estrellasycorazones.com\/index.php\/product\/vinilo-de-transferencia-de-calor-cameo\/","title":{"rendered":"Vinilo de transferencia de calor &#8211; Cameo"},"content":{"rendered":"<p>F\u00e1cil de cortar, deshierbar, preciso y transfiable: nuestro kit de inicio de vinilo de transferencia de calor de poliuretano corta muy bien y el vinilo se puede transferir f\u00e1cilmente en cualquier camiseta. Adem\u00e1s, los peque\u00f1os recortes se adhieren al pl\u00e1stico para una precisi\u00f3n extrema. Tambi\u00e9n, f\u00e1cil de quitar y listo para usar Paquete de vinilo HTV de colores vibrantes de gran valor: 12 hojas surtidas, 12 colores m\u00e1s populares, camuflaje y leopardo. M\u00e1s opciones creativas.<\/p>\n<p>Suave y delicado: pel\u00edcula de transferencia de calor de poliuretano fina y suave que es ligera y el\u00e1stica. Hoja adhesiva que es perfecta para obras de arte detalladas y malas hierbas. Crea tu propio logotipo y dise\u00f1o, y transfiere a la mayor\u00eda de telas b\u00e1sicas de tu elecci\u00f3n. Disfruta del proyecto y divi\u00e9rtete Lavable a m\u00e1quina y duradero: espera 24 horas antes del primer lavado. El vinilo de transferencia de calor es muy flexible y duradero. Tus dise\u00f1os mantendr\u00e1n el mismo color incluso despu\u00e9s de 50 ciclos de lavado, no se decoloran, no se pelan y no se agrietan.<\/p>\n<p>Material de poliuretano y respetuoso con el medio ambiente: la adherencia del forro de mascotas y la pel\u00edcula de poliuretano es ideal para logotipos m\u00e1s delicadamente dise\u00f1ados y letras peque\u00f1as. Satisface tu deseo de producir el producto profesional mediante el uso de nuestro producto con buena accesibilidad incluso para los clientes principiantes. Adem\u00e1s, nuestros materiales son ecol\u00f3gicos y seguros de llevar. No hay necesidad de preocuparte<\/p>\n","protected":false},"excerpt":{"rendered":"<p>12 hojas de 12 colores populares de vinilo para plancha HTV para Cameo Silueta y Cricut Cameo m\u00e1quinas de prensado de calor, vinilo adhesivo f\u00e1cil de deshierbar para dise\u00f1o DIY camiseta<\/p>\n","protected":false},"featured_media":1380,"comment_status":"open","ping_status":"closed","template":"","meta":[],"_links":{"self":[{"href":"https:\/\/estrellasycorazones.com\/index.php\/wp-json\/wp\/v2\/product\/1379"}],"collection":[{"href":"https:\/\/estrellasycorazones.com\/index.php\/wp-json\/wp\/v2\/product"}],"about":[{"href":"https:\/\/estrellasycorazones.com\/index.php\/wp-json\/wp\/v2\/types\/product"}],"replies":[{"embeddable":true,"href":"https:\/\/estrellasycorazones.com\/index.php\/wp-json\/wp\/v2\/comments?post=1379"}],"wp:featuredmedia":[{"embeddable":true,"href":"https:\/\/estrellasycorazones.com\/index.php\/wp-json\/wp\/v2\/media\/1380"}],"wp:attachment":[{"href":"https:\/\/estrellasycorazones.com\/index.php\/wp-json\/wp\/v2\/media?parent=1379"}],"curies":[{"name":"wp","href":"https:\/\/api.w.org\/{rel}","templated":true}]}}